{"id":15771,"date":"2024-06-13T18:53:24","date_gmt":"2024-06-13T18:53:24","guid":{"rendered":"https:\/\/bilcom.godigi.si\/?post_type=product&#038;p=15771"},"modified":"2024-06-13T18:53:24","modified_gmt":"2024-06-13T18:53:24","slug":"rocni-digitalni-ir-termometer-impac-iga-15-plus","status":"publish","type":"product","link":"https:\/\/bilcom.godigi.si\/?product=rocni-digitalni-ir-termometer-impac-iga-15-plus","title":{"rendered":"Ro\u010dni digitalni IR termometer Impac IGA 15 plus"},"content":{"rendered":"<p>Ro\u010dni digitalni IR termometer za brez kontaktno merjenje temperature med250 &#8230; 1800 \u00b0C. Omogo\u010da nam hitro in natan\u010dno merjenje s laserskim \u017earkom in izjemno \u0161irokim temperaturnim obmo\u010djem. Izmerjene temperature se prikazujejo na zunanjem LCD zaslonu.<\/p>\n","protected":false},"excerpt":{"rendered":"<p>Ro\u010dni digitalni IR termometer za brez kontaktno merjenje temperature med250 &#8230; 1800 \u00b0C. Omogo\u010da nam hitro in natan\u010dno merjenje s<\/p>\n","protected":false},"featured_media":15773,"comment_status":"open","ping_status":"closed","template":"","meta":[],"product_brand":[],"product_cat":[84,85,86,70],"product_tag":[],"class_list":{"0":"post-15771","1":"product","2":"type-product","3":"status-publish","4":"has-post-thumbnail","6":"product_cat-brezkontaktno-ir-merjenje-temperature","7":"product_cat-pirometri-ir-merilniki","8":"product_cat-prenosni-pirometri","9":"product_cat-temperatura","11":"first","12":"instock","13":"shipping-taxable","14":"product-type-simple"},"_links":{"self":[{"href":"https:\/\/bilcom.godigi.si\/index.php?rest_route=\/wp\/v2\/product\/15771","targetHints":{"allow":["GET"]}}],"collection":[{"href":"https:\/\/bilcom.godigi.si\/index.php?rest_route=\/wp\/v2\/product"}],"about":[{"href":"https:\/\/bilcom.godigi.si\/index.php?rest_route=\/wp\/v2\/types\/product"}],"replies":[{"embeddable":true,"href":"https:\/\/bilcom.godigi.si\/index.php?rest_route=%2Fwp%2Fv2%2Fcomments&post=15771"}],"version-history":[{"count":1,"href":"https:\/\/bilcom.godigi.si\/index.php?rest_route=\/wp\/v2\/product\/15771\/revisions"}],"predecessor-version":[{"id":15774,"href":"https:\/\/bilcom.godigi.si\/index.php?rest_route=\/wp\/v2\/product\/15771\/revisions\/15774"}],"wp:featuredmedia":[{"embeddable":true,"href":"https:\/\/bilcom.godigi.si\/index.php?rest_route=\/wp\/v2\/media\/15773"}],"wp:attachment":[{"href":"https:\/\/bilcom.godigi.si\/index.php?rest_route=%2Fwp%2Fv2%2Fmedia&parent=15771"}],"wp:term":[{"taxonomy":"product_brand","embeddable":true,"href":"https:\/\/bilcom.godigi.si\/index.php?rest_route=%2Fwp%2Fv2%2Fproduct_brand&post=15771"},{"taxonomy":"product_cat","embeddable":true,"href":"https:\/\/bilcom.godigi.si\/index.php?rest_route=%2Fwp%2Fv2%2Fproduct_cat&post=15771"},{"taxonomy":"product_tag","embeddable":true,"href":"https:\/\/bilcom.godigi.si\/index.php?rest_route=%2Fwp%2Fv2%2Fproduct_tag&post=15771"}],"curies":[{"name":"wp","href":"https:\/\/api.w.org\/{rel}","templated":true}]}}